 401?
-1002430
In base 10, what is 6 + 106207?
106213
In base 10, what is -51503 - 4?
-51507
In base 6, what is 140542 + 22?
141004
In base 16, what is 2e7 - -30?
317
In base 13, what is -4 + 388b0?
388a9
In base 13, what is -9 + -270a?
-2716
In base 12, what is -2 - 5736?
-5738
In base 6, what is 4 - 415134?
-415130
In base 8, what is -5 + 43523?
43516
In base 5, what is -30044 - 23?
-30122
In base 16, what is 5 + 5038?
503d
In base 10, what is 94391 + -3?
94388
In base 9, what is 0 - -10888?
10888
In base 12, what is 6a344 + 14?
6a358
In base 14, what is 1 - 2488?
-2487
In base 14, what is 849d1 - 5?
849ca
In base 13, what is -2658b - -5?
-26586
In base 13, what is -15 - -ccaa?
cc95
In base 8, what is -154 + 135?
-17
In base 15, what is -211 + 25?
-1db
In base 8, what is 20 - 44415?
-44375
In base 8, what is 50 + -2401?
-2331
In base 14, what is 122 + 10d?
231
In base 14, what is -6d4 - -24?
-6b0
In base 14, what is 33 - c89?
-c56
In base 9, what is 104835 - -1?
104836
In base 3, what is -2 + 120111212120?
120111212111
In base 12, what is 17 + 7466?
7481
In base 8, what is 5 + 1511254?
1511261
In base 7, what is 24 - 55004?
-54650
In base 2, what is -11110011010 - -11110?
-11101111100
In base 7, what is -5 + 12123420?
12123412
In base 11, what is 10547 - -4?
10550
In base 7, what is 166461 - 56?
166402
In base 3, what is 121201202002211 + 11?
121201202002222
In base 16, what is -1 + b8c7?
b8c6
In base 5, what is 11 - 1204343?
-1204332
In base 11, what is a04 + -48?
967
In base 4, what is 21 - 3110303?
-3110222
In base 10, what is 4 + -571837?
-571833
In base 16, what is -2 - -b85?
b83
In base 6, what is 3 + 112025350?
112025353
In base 3, what is -1 - -211210120?
211210112
In base 16, what is -20 + 3e4?
3c4
In base 7, what is 54 - -46514?
46601
In base 10, what is 0 + -148015?
-148015
In base 15, what is 18b1 + -8?
18a8
In base 12, what is 0 + 124a94?
124a94
In base 4, what is -11 + -130121030?
-130121101
In base 10, what is -58 + -9181?
-9239
In base 12, what is -13a6 - 22?
-1408
In base 6, what is 11 + -1513?
-1502
In base 12, what is b2 + -7310?
-721a
In base 11, what is -574 + 30?
-544
In base 11, what is -97795 - -4?
-97791
In base 9, what is -108705 - -2?
-108703
In base 8, what is -4005450 + 2?
-4005446
In base 13, what is -5 + -25837a?
-258382
In base 14, what is 7 - -78d80?
78d87
In base 12, what is b1a6 + 2?
b1a8
In base 3, what is -2 + 22221200002?
22221200000
In base 16, what is 614e53 - 0?
614e53
In base 9, what is -2184 + -44?
-2238
In base 3, what is 100 - -2100222?
2101022
In base 3, what is -10 - 12011121100?
-12011121110
In base 7, what is 3 + -124042?
-124036
In base 9, what is 1 + -16068?
-16067
In base 3, what is -202200222110 + 1?
-202200222102
In base 9, what is 586 + 334?
1031
In base 16, what is 582d - -9?
5836
In base 2, what is -1110110110001010 + 11110?
-1110110101101100
In base 14, what is 3 + -228d?
-228a
In base 14, what is -1 + -101186?
-101187
In base 11, what is 2 + -130098?
-130096
In base 5, what is -110304 + 1140?
-104114
In base 13, what is 6258 + 4?
625c
In base 10, what is 1038952 - 5?
1038947
In base 16, what is 3 - 1807?
-1804
In base 4, what is 1 + 110002313?
110002320
In base 9, what is -4 + 14775?
14771
In base 9, what is 140 + 2532?
2672
In base 3, what is 12 - 1210010012?
-1210010000
In base 13, what is -3451 + -12?
-3463
In base 13, what is -386 + b?
-378
In base 12, what is 14ba4 + 19?
15001
In base 13, what is 4a184 + 11?
4a195
In base 16, what is -6c24 + -1?
-6c25
In base 6, what is -232130432 + -2?
-232130434
In base 5, what is 124242 - -4?
124301
In base 15, what is -7 + -5055?
-505c
In base 14, what is -157 - -48c?
335
In base 15, what is 2da6b + -2?
2da69
In base 2, what is 1 - 110100101101100?
-110100101101011
In base 9, what is -3 + -28532?
-28535
In base 2, what is -11001000010000001100 - 11?
-11001000010000001111
In base 6, what is -2 - -42055?
42053
In base 8, what is -67 + 3322?
3233
In base 3, what is -22 + -11211222?
-11212021
In base 12, what is 4 - -350b3?
350b7
In base 2, what is 1 + -10111010100001?
-10111010100000
In base 6, what is 254324 - -25?
254353
In base 12, what is -118820 - -5?
-118817
In base 15, what is -785 + -12c?
-8b2
In base 14, what is 803b - 0?
803b
In base 12, what is -19510 + 1?
-1950b
In base 9, what is 484567 - -4?
484572
In base 2, what is -1011100110011 + -11?
-1011100110110
In base 3, what is 10000002211221 - 12?
10000002211202
In base 15, what is 3e1 + 986?
d77
In base 11, what is 237 - 59?
189
In base 13, what is -4a + 412c?
40b2
In base 16, what is -4 + -5f72?
-5f76
In base 10, what is 79033 - 4?
79029
In base 4, what is 10 + 13001312?
13001322
In base 15, what is -2cc03 - 2?
-2cc05
In base 2, what is -1100110101 + 110?
-1100101111
In base 5, what is -1 - 2024101?
-2024102
In base 3, what is -101102 + -22020?
-200122
In base 3, what is 0 + -22020111021?
-22020111021
In base 7, what is -231 + 3064?
2533
In base 12, what is 3 + -a438?
-a435
In base 9, what is -23 - -4400?
4366
In base 7, what is -1032 + -243?
-1305
In base 12, what is -52135 - 6?
-5213b
In base 2, what is -1010110101110101 - -100?
-1010110101110001
In base 14, what is a59b99 - 4?
a59b95
In base 5, what is 4 - -242001003?
242001012
In base 10, what is -1 + 32795?
32794
In base 10, what is -16616 + 11?
-16605
In base 13, what is -7037 - 0?
-7037
In base 11, what is 465 + 0?
465
In base 7, what is -1461503 + 2?
-1461501
In base 10, what is 52411 + -7?
52404
In base 12, what is 6a6 + 81?
767
In base 6, what is 531 - -1313?
2244
In base 15, what is 1dd60 + -9?
1dd56
In base 10, what is -5939 - 47?
-5986
In base 12, what is -5aa + 124?
-486
In base 12, what is -86 + -146?
-210
In base 5, what is 2012 - 304?
1203
In base 4, what is -31301 + 212?
-31023
In base 16, what is 2b + 360?
38b
In base 4, what is 11323210 - 10?
11323200
In base 12, what is 11 + 1190?
11a1
In base 16, what is 8 + -17a3?
-179b
In base 11, what is 586 - 26?
560
In base 7, what is 244553 - -4?
244560
In base 13, what is -1ac37 + -47?
-1ac81
In base 9, what is 1 + 31467?
31468
In base 9, what is -1014 - 202?
-1216
In base 16, what is -1 - 68ca6?
-68ca7
In base 3, what is 10 + -10121120222?
-10121120212
In base 12, what is 4413 - 39?
4396
In base 6, what is -2523 - -1201?
-1322
In base 3, what is -10 - 1112110101100?
-1112110101110
In base 16, what is 9 + -e46?
-e3d
In base 3, what is 100 - -21000110?
21000210
In base 14, what is 14a0 + -12?
148c
In base 6, what is -141413 - 211?
-142024
In base 15, what is -2 - 29653?
-29655
In base 13, what is -191 + -113?
-2a4
In base 4, what is 321 + -1031221?
-1030300
In base 14, what is 4484b + -3?
44848
In base 10, what is -7 + 8434?
8427
In base 15, what is 4 - -9e881?
9e885
In base 15, what is de - -31d?
40c
In base 4, what is -11110001210 + -11?
-11110001221
In base 14, what is 123b - -62?
129d
In base 5, what is 2 - 223341?
-223334
In base 4, what is 0 - -1123133003?
1123133003
In base 8, what is -3 + -173100?
-173103
In base 8, what is -3 + 134363?
134360
In base 2, what is 11101111 + 110101?
100100100
In base 8, what is -320261 - -2?
-320257
In base 4, what is -10 + 13110000321?
13110000311
In base 13, what is -20212c + 4?
-202128
In base 10, what is -5 + -97667?
-97672
In base 16, what is -12c56 + 6?
-12c50
In base 9, what is -2 - -7145?
7143
In base 5, what is -30 - -121210?
121130
In base 7, what is 65323 + 40?
65363
In base 3, what is 1 + 20002101102?
20002101110
In base 2, what is 1001000010 - 110000000?
11000010
In base 13, what is -3 - 35c?
-362
In base 3, what is -12 - -12001221011?
12001220222
In base 5, what is 10 + 324123?
324133
In base 8, what is 115 + 377?
514
In base 4, what is 303 + -31021?
-30112
In base 2, what is -111011001 - -1011000?
-110000001
In base 5, what is 12 + 103124442?
103130004
In base 4, what is -121232 - 31320?
-213212
In base 11, what is 3a1 + -a7?
2a5
In base 6, what is -33202 + -12?
-33214
In base 16, what is be4 - 226?
9be
In base 16, what is 293d1 - 3?
293ce
In base 3, what is 2202 + -110012?
-100110
In base 8, what is -7 + 4747?
4740
In base 6, what is 143404 - 140?
143224
In base 6, what is 0 - -34233114?
34233114
In base 8, what is -3132271 - 4?
-3132275
In base 10, what is -21 + 296?
275
In base 10, what is -64 - -35673?
35609
I